{"id":641,"date":"2021-04-28T23:14:48","date_gmt":"2021-04-29T04:14:48","guid":{"rendered":"http:\/\/172.23.23.57\/wordpress\/?page_id=641"},"modified":"2021-04-30T00:23:44","modified_gmt":"2021-04-30T05:23:44","slug":"material-foro","status":"publish","type":"page","link":"https:\/\/consulta.conacyt.mx\/?page_id=641","title":{"rendered":"FOROS TEM\u00c1TICOS NACIONALES"},"content":{"rendered":"\n<p style=\"font-size:28px\"><strong>Hacia la Primera Ley General en Materia de<\/strong> <strong>Humanidades, Ciencias, Tecnolog\u00edas e Innovaci\u00f3n<\/strong><\/p>\n\n\n\n<p style=\"font-size:17px\">El Conacyt llevar\u00e1 a cabo seis Foros Tem\u00e1ticos Nacionales sobre el Anteproyecto de Ley General en Materia de Humanidades, Ciencias, Tecnolog\u00edas e Innovaci\u00f3n, los d\u00edas 4, 5, 6, 11, 12 y 13 de mayo, con el prop\u00f3sito de facilitar espacios de participaci\u00f3n de la comunidad para el enriquecimiento y la consolidaci\u00f3n de la propuesta.<\/p>\n\n\n\n<p style=\"font-size:17px\">Los Foros versar\u00e1n sobre los siguientes temas: derecho humano a la ciencia; rector\u00eda y democratizaci\u00f3n del Sistema Nacional de Humanidades, Ciencias, Tecnolog\u00edas e Innovaci\u00f3n; ciencia b\u00e1sica, investigaci\u00f3n de frontera e incidencia de las HCTI en la atenci\u00f3n de problemas nacionales; participaci\u00f3n de las comunidades y las instituciones de educaci\u00f3n superior en las actividades de HCTI; consolidaci\u00f3n del Sistema Nacional de Centros P\u00fablicos; y concurrencia sectorial y financiamiento en HCTI.<\/p>\n\n\n\n<p style=\"font-size:17px\">En los Foros participar\u00e1n investigadoras e investigadores adscritos a instituciones de educaci\u00f3n superior, universidades aut\u00f3nomas y Centros P\u00fablicos de Investigaci\u00f3n de todo el pa\u00eds. Asimismo, intervendr\u00e1n abogadas y abogados de reconocido prestigio, as\u00ed como expertas y expertos en derechos humanos y comunicadores. De igual manera, colaborar\u00e1n autoridades y directivos de diversas instituciones y organizaciones que forman parte del Sistema Nacional de Humanidades, Ciencias, Tecnolog\u00edas e Innovaci\u00f3n.<\/p>\n\n\n\n<p class=\"has-medium-font-size\"><strong><a href=\"?page_id=1008\">Mesa I. Derecho humano a la ciencia<\/a><\/strong><\/p>\n\n\n\n<p class=\"has-medium-font-size\"><strong><a href=\"?page_id=1010\" data-type=\"URL\" data-id=\"?page_id=1010\">Mesa II. Rector\u00eda y democratizaci\u00f3n del Sistema Nacional de HCTI<\/a><\/strong><\/p>\n\n\n\n<p class=\"has-text-align-left has-medium-font-size\"><strong><a href=\"?page_id=1017\" data-type=\"URL\" data-id=\"?page_id=1017\">Mesa III. Ciencia b\u00e1sica, investigaci\u00f3n de frontera e incidencia de las HCTI en la atenci\u00f3n de problemas nacionales<\/a><\/strong><\/p>\n\n\n\n<p class=\"has-text-align-left has-medium-font-size\"><strong><a href=\"?page_id=1020\" data-type=\"URL\" data-id=\"?page_id=1020\">Mesa IV. Participaci\u00f3n de las comunidades y las instituciones de educaci\u00f3n superior en las actividades de HCTI<\/a><\/strong><\/p>\n\n\n\n<p class=\"has-text-align-left has-medium-font-size\"><strong><a href=\"?page_id=1022\">Mesa V. Consolidaci\u00f3n del Sistema Nacional de Centros P\u00fablicos<\/a><\/strong><\/p>\n\n\n\n<p class=\"has-text-align-left has-medium-font-size\"><strong><a href=\"?page_id=1024\" data-type=\"URL\" data-id=\"?page_id=1024\">Mesa VI. Concurrencia sectorial y financiamiento en HCTI<\/a><\/strong><\/p>\n\n\n\n<div class=\"wp-block-buttons is-content-justification-center is-layout-flex wp-block-buttons-is-layout-flex\">\n<div class=\"wp-block-button is-style-outline is-style-outline--1\"><a class=\"wp-block-button__link has-white-color has-text-color has-background\" href=\"?index.php\" style=\"border-radius:50px;background-color:#022663\"><strong>REGRESAR<\/strong><\/a><\/div>\n\n\n\n<div class=\"wp-block-button is-style-outline is-style-outline--2\"><a class=\"wp-block-button__link has-white-color has-text-color has-background\" href=\"?page_id=999\" style=\"background-color:#022663\"><strong>OPINA<\/strong><\/a><\/div>\n<\/div>\n","protected":false},"excerpt":{"rendered":"<p>Hacia la Primera Ley General en Materia de Humanidades, Ciencias, Tecnolog\u00edas e Innovaci\u00f3n El Conacyt llevar\u00e1 a cabo seis Foros Tem\u00e1ticos Nacionales sobre el Anteproyecto de Ley General en Materia de Humanidades, Ciencias, Tecnolog\u00edas e Innovaci\u00f3n, los d\u00edas 4, 5, 6, 11, 12 y 13 de mayo, con el prop\u00f3sito de facilitar espacios de participaci\u00f3n [&hellip;]<\/p>\n","protected":false},"author":1,"featured_media":0,"parent":0,"menu_order":0,"comment_status":"closed","ping_status":"closed","template":"","meta":{"footnotes":""},"class_list":["post-641","page","type-page","status-publish","hentry","entry"],"_links":{"self":[{"href":"https:\/\/consulta.conacyt.mx\/index.php?rest_route=\/wp\/v2\/pages\/641","targetHints":{"allow":["GET"]}}],"collection":[{"href":"https:\/\/consulta.conacyt.mx\/index.php?rest_route=\/wp\/v2\/pages"}],"about":[{"href":"https:\/\/consulta.conacyt.mx\/index.php?rest_route=\/wp\/v2\/types\/page"}],"author":[{"embeddable":true,"href":"https:\/\/consulta.conacyt.mx\/index.php?rest_route=\/wp\/v2\/users\/1"}],"replies":[{"embeddable":true,"href":"https:\/\/consulta.conacyt.mx\/index.php?rest_route=%2Fwp%2Fv2%2Fcomments&post=641"}],"version-history":[{"count":26,"href":"https:\/\/consulta.conacyt.mx\/index.php?rest_route=\/wp\/v2\/pages\/641\/revisions"}],"predecessor-version":[{"id":1538,"href":"https:\/\/consulta.conacyt.mx\/index.php?rest_route=\/wp\/v2\/pages\/641\/revisions\/1538"}],"wp:attachment":[{"href":"https:\/\/consulta.conacyt.mx\/index.php?rest_route=%2Fwp%2Fv2%2Fmedia&parent=641"}],"curies":[{"name":"wp","href":"https:\/\/api.w.org\/{rel}","templated":true}]}}

FOROS TEMÁTICOS NACIONALES

<p style="font-size:28px"><strong>Hacia la Primera Ley General en Materia de</strong> <strong>Humanidades, Ciencias, Tecnologías e Innovación</strong></p>



<p style="font-size:17px">El Conacyt llevará a cabo seis Foros Temáticos Nacionales sobre el Anteproyecto de Ley General en Materia de Humanidades, Ciencias, Tecnologías e Innovación, los días 4, 5, 6, 11, 12 y 13 de mayo, con el propósito de facilitar espacios de participación de la comunidad para el enriquecimiento y la consolidación de la propuesta.</p>



<p style="font-size:17px">Los Foros versarán sobre los siguientes temas: derecho humano a la ciencia; rectoría y democratización del Sistema Nacional de Humanidades, Ciencias, Tecnologías e Innovación; ciencia básica, investigación de frontera e incidencia de las HCTI en la atención de problemas nacionales; participación de las comunidades y las instituciones de educación superior en las actividades de HCTI; consolidación del Sistema Nacional de Centros Públicos; y concurrencia sectorial y financiamiento en HCTI.</p>



<p style="font-size:17px">En los Foros participarán investigadoras e investigadores adscritos a instituciones de educación superior, universidades autónomas y Centros Públicos de Investigación de todo el país. Asimismo, intervendrán abogadas y abogados de reconocido prestigio, así como expertas y expertos en derechos humanos y comunicadores. De igual manera, colaborarán autoridades y directivos de diversas instituciones y organizaciones que forman parte del Sistema Nacional de Humanidades, Ciencias, Tecnologías e Innovación.</p>



<p class="has-medium-font-size"><strong><a href="?page_id=1008">Mesa I. Derecho humano a la ciencia</a></strong></p>



<p class="has-medium-font-size"><strong><a href="?page_id=1010" data-type="URL" data-id="?page_id=1010">Mesa II. Rectoría y democratización del Sistema Nacional de HCTI</a></strong></p>



<p class="has-text-align-left has-medium-font-size"><strong><a href="?page_id=1017" data-type="URL" data-id="?page_id=1017">Mesa III. Ciencia básica, investigación de frontera e incidencia de las HCTI en la atención de problemas nacionales</a></strong></p>



<p class="has-text-align-left has-medium-font-size"><strong><a href="?page_id=1020" data-type="URL" data-id="?page_id=1020">Mesa IV. Participación de las comunidades y las instituciones de educación superior en las actividades de HCTI</a></strong></p>



<p class="has-text-align-left has-medium-font-size"><strong><a href="?page_id=1022">Mesa V. Consolidación del Sistema Nacional de Centros Públicos</a></strong></p>



<p class="has-text-align-left has-medium-font-size"><strong><a href="?page_id=1024" data-type="URL" data-id="?page_id=1024">Mesa VI. Concurrencia sectorial y financiamiento en HCTI</a></strong></p>



<div class="wp-block-buttons is-content-justification-center is-layout-flex wp-block-buttons-is-layout-flex">
<div class="wp-block-button is-style-outline is-style-outline--1"><a class="wp-block-button__link has-white-color has-text-color has-background" href="?index.php" style="border-radius:50px;background-color:#022663"><strong>REGRESAR</strong></a></div>



<div class="wp-block-button is-style-outline is-style-outline--2"><a class="wp-block-button__link has-white-color has-text-color has-background" href="?page_id=999" style="background-color:#022663"><strong>OPINA</strong></a></div>
</div>

<p>Hacia la Primera Ley General en Materia de Humanidades, Ciencias, Tecnologías e Innovación El Conacyt llevará a cabo seis Foros Temáticos Nacionales sobre el Anteproyecto de Ley General en Materia de Humanidades, Ciencias, Tecnologías e Innovación, los días 4, 5, 6, 11, 12 y 13 de mayo, con el propósito de facilitar espacios de participación [&hellip;]</p>
