{"id":3,"date":"2021-03-19T02:33:19","date_gmt":"2021-03-19T07:33:19","guid":{"rendered":"http:\/\/172.23.23.57\/wordpress\/?page_id=3"},"modified":"2021-05-20T22:42:27","modified_gmt":"2021-05-21T03:42:27","slug":"politica-privacidad","status":"publish","type":"page","link":"https:\/\/consulta.conacyt.mx\/?page_id=3","title":{"rendered":"AVISO DE PRIVACIDAD"},"content":{"rendered":"\n<p style=\"font-size:17px\">El Consejo Nacional de Ciencia y Tecnolog\u00eda a trav\u00e9s de la Coordinaci\u00f3n de Repositorios, Investigaci\u00f3n y Prospectiva, es responsable del tratamiento de los datos personales que nos proporcione, los cuales ser\u00e1n protegidos conforme a la Ley General de Protecci\u00f3n de Datos Personales en Posesi\u00f3n de Sujetos Obligados y dem\u00e1s normativa que resulte aplicable.<\/p>\n\n\n\n<p class=\"has-medium-font-size\"><strong>\u00bfQu\u00e9 datos personales solicitamos y para qu\u00e9 fines?<\/strong><\/p>\n\n\n\n<p style=\"font-size:17px\">Los datos personales recabados en la Plataforma de Consulta, tiene por objeto permitir que las personas interesadas en materia de humanidades, ciencias, tecnolog\u00edas e innovaci\u00f3n expongan sus opiniones o propuestas en el an\u00e1lisis del Anteproyecto de Iniciativa de Ley General en materia de Humanidades, Ciencias, Tecnolog\u00edas e Innovaci\u00f3n. Los datos personales que ser\u00e1n recabados son los siguientes:<\/p>\n\n\n\n<ul class=\"wp-block-list\" style=\"font-size:17px\"><li>Nombre<\/li><li>Correo electr\u00f3nico<\/li><\/ul>\n\n\n\n<p class=\"has-medium-font-size\"><strong>\u00bfCon qui\u00e9n compartimos su informaci\u00f3n personal y para qu\u00e9 fines?<\/strong><\/p>\n\n\n\n<p style=\"font-size:17px\">Se hace de su conocimiento que, los datos personales que se recaben en la Plataforma de  Consulta no ser\u00e1n transferidos a terceros, salvo aqu\u00e9llos que sean necesarias para atender requerimientos debidamente fundados y motivados, provenientes de una autoridad competente.<\/p>\n\n\n\n<div class=\"wp-block-buttons is-content-justification-center is-layout-flex wp-block-buttons-is-layout-flex\">\n<div class=\"wp-block-button is-style-outline is-style-outline--1\"><a class=\"wp-block-button__link has-white-color has-text-color has-background\" href=\"?page_id=999\" style=\"border-radius:50px;background-color:#022663\"><strong>REGRESAR<\/strong><\/a><\/div>\n<\/div>\n\n\n\n<p><\/p>\n","protected":false},"excerpt":{"rendered":"<p>El Consejo Nacional de Ciencia y Tecnolog\u00eda a trav\u00e9s de la Coordinaci\u00f3n de Repositorios, Investigaci\u00f3n y Prospectiva, es responsable del tratamiento de los datos personales que nos proporcione, los cuales ser\u00e1n protegidos conforme a la Ley General de Protecci\u00f3n de Datos Personales en Posesi\u00f3n de Sujetos Obligados y dem\u00e1s normativa que resulte aplicable. \u00bfQu\u00e9 datos [&hellip;]<\/p>\n","protected":false},"author":1,"featured_media":0,"parent":0,"menu_order":0,"comment_status":"closed","ping_status":"closed","template":"","meta":{"footnotes":""},"class_list":["post-3","page","type-page","status-publish","hentry","entry"],"_links":{"self":[{"href":"https:\/\/consulta.conacyt.mx\/index.php?rest_route=\/wp\/v2\/pages\/3","targetHints":{"allow":["GET"]}}],"collection":[{"href":"https:\/\/consulta.conacyt.mx\/index.php?rest_route=\/wp\/v2\/pages"}],"about":[{"href":"https:\/\/consulta.conacyt.mx\/index.php?rest_route=\/wp\/v2\/types\/page"}],"author":[{"embeddable":true,"href":"https:\/\/consulta.conacyt.mx\/index.php?rest_route=\/wp\/v2\/users\/1"}],"replies":[{"embeddable":true,"href":"https:\/\/consulta.conacyt.mx\/index.php?rest_route=%2Fwp%2Fv2%2Fcomments&post=3"}],"version-history":[{"count":7,"href":"https:\/\/consulta.conacyt.mx\/index.php?rest_route=\/wp\/v2\/pages\/3\/revisions"}],"predecessor-version":[{"id":2208,"href":"https:\/\/consulta.conacyt.mx\/index.php?rest_route=\/wp\/v2\/pages\/3\/revisions\/2208"}],"wp:attachment":[{"href":"https:\/\/consulta.conacyt.mx\/index.php?rest_route=%2Fwp%2Fv2%2Fmedia&parent=3"}],"curies":[{"name":"wp","href":"https:\/\/api.w.org\/{rel}","templated":true}]}}