{"id":1020,"date":"2021-04-28T10:32:36","date_gmt":"2021-04-28T15:32:36","guid":{"rendered":"http:\/\/148.228.31.43\/anteproyecto_ley\/?page_id=1020"},"modified":"2021-05-26T13:03:42","modified_gmt":"2021-05-26T18:03:42","slug":"mesa-4","status":"publish","type":"page","link":"https:\/\/consulta.conacyt.mx\/?page_id=1020","title":{"rendered":"Mesa IV"},"content":{"rendered":"\n<p class=\"has-text-align-left\" style=\"font-size:17px\">11 de mayo de 2021<\/p>\n\n\n\n<div class=\"wp-block-columns is-layout-flex wp-container-core-columns-is-layout-9d6595d7 wp-block-columns-is-layout-flex\">\n<div class=\"wp-block-column is-layout-flow wp-block-column-is-layout-flow\" style=\"flex-basis:25%\"><\/div>\n\n\n\n<div class=\"wp-block-column is-layout-flow wp-block-column-is-layout-flow\" style=\"flex-basis:50%\"><div class=\"ytwd_container_wrapper ytwd_container_wrapper13\">    <div class=\"ytwd_container\">        <div id=\"ytwd_container_1\">            <div id=\"ytwd_container_2\" >            <div class=\"ytwd_iframe_container13\" >        <div class=\"ytwd_iframe_wrapper\">        <div class=\"ytwd_iframe_black_wrapper_0 ytwd_iframe_black_wrapper_013\">          <div class=\"ytwd_iframe_black_wrapper ytwd_iframe_black_wrapper13\">                            <div data-src=\"http:\/\/www.youtube.com\/embed\/y9qWm6HN9bA?autoplay=0&color=red&theme&controls=1&fs=1&loop=0&iv_load_policy=1&cc_load_policy=0&playsinline=0&wmode=opaque&start=0&end=0&enablejsapi=1&version=3\" frameborder=\"0\" enablejsapi=\"1\" allowfullscreen id=\"ytwd_main_iframe13\" class=\"ytwd_main_iframe\" data-id=\"13\" data-title=\"\" data-youtube-title=\"\" data-video-id=\"y9qWm6HN9bA\"><\/div>                                    <\/div>        <\/div>    <\/div>       <div class=\"ytwd_main_video_info ytwd_main_video_info13\">                       <div class=\"ytwd_video_statistics ytwd_video_statistics13\">    \t\t<div class=\"ytwd_main_video_channel_data ytwd_main_video_channel_data13\">\t\t\t<div class=\"ytwd_main_video_channel_title_subscripe\">\t\t\t\t \t\t\t<\/div>\t\t<\/div>         <div class=\"ytwd_main_video_statistics\">                            <div class=\"ytwd_likes_dislikes13\">                            <\/div>           <\/div>       <\/div>            <div class=\"ytwd_more_info ytwd_more_info13\" style=\"display:none;\">                        <\/div><\/div><style>\t.ytwd_main_video_info13{\t\tbackground: #fff;\t\t\t}    .ytwd_video_title13 , .ytwd_video_title13 a{        color: #080808 !important;        font-size: 25px !important;        margin: 15px 0px;            }\t.ytwd_video_title13 a:hover{\t\tcolor: #959595!important;\t}\t    .ytwd_share_btns13{        margin: 5px 0px;     }    .ytwd_share_btns13 a{        color: #959595!important;        font-size: 18px;        text-decoration: none !important;        border-bottom: none !important;    }    .ytwd_share_btns13 a:hover{        opacity: 0.7;        text-decoration: none !important;    }    .ytwd_video_view_counts13{        color: #080808;        font-size: 20px;    }       .ytwd_likes_dislikes13{        color: #959595;        font-size: 16px;        clear: both;    }    .ytwd_video_published_at13{        color: #545454;        font-size: 16px;        margin-bottom: 10px;    }    .ytwd_video_description13{        color: #545454;        font-size: 13px;        margin: 15px 0px;    }     .ytwd_main_video_channel_title13 a{        color: #545454 !important;        font-size: 13px !important;    }\t<\/style><\/div><style>    .ytwd_iframe_black_wrapper_013{        width: 100%;        margin: 0 auto;\t\tposition: relative;\t\t\t    }            .ytwd_iframe_black_wrapper13 {        position: relative;        height: 0;        overflow: hidden;        padding-top: 56.25%;    }    #ytwd_main_iframe13 {        position: absolute;        top: 0;        left: 0;        bottom: 0;        right: 0;        width: 100%;        height: 100%;        border: none;    }    \t<\/style>            <\/div>        <\/div>    <\/div><\/div><script>    if(typeof ytwdData == 'undefined'){        var ytwdData = {};    }    ytwdData[\"ID\" + \"13\"] = \"12\";    ytwdData[\"embedType\" + \"13\"] = \"0\";    ytwdData[\"enableGallery\" + \"13\"] = \"0\";    ytwdData[\"youtube_id\" + \"13\"] = \"y9qWm6HN9bA\";    ytwdData[\"videoQuality\" + \"13\"] = \"default\";    ytwdData[\"initialVolume\" + \"13\"] = \"50\";    ytwdData[\"thumbsColumnCount\" + \"13\"] = \"0\";    ytwdData[\"firstClick\" + \"13\"] = true;    ytwdData[\"loadingEffects\" + \"13\"] = \"\";    ytwdData[\"totalPages\" + \"13\"] = Number(\"0\");    ytwdData[\"itemsCountPerPage\" + \"13\"] = Number(\"0\"); \t  ytwdData[\"thumbsWidth\" + \"13\"] = \"100\";    ytwdData[\"videoAdditionalInfo\" + \"13\"] = \"\";    jQuery(window).on(\"load\",function() {        youTubeReadyFunction('13');    });<\/script>\n<\/div>\n\n\n\n<div class=\"wp-block-column is-layout-flow wp-block-column-is-layout-flow\" style=\"flex-basis:25%\"><\/div>\n<\/div>\n\n\n\n<p style=\"font-size:17px\"><strong>Participantes:<\/strong><\/p>\n\n\n\n<ul class=\"has-normal-font-size wp-block-list\"><li>Dra. Guadalupe Valencia Garc\u00eda<\/li><li>Dr. Ambrosio Velasco G\u00f3mez<\/li><li>Mtro. Jos\u00e9 Andr\u00e9s Rodr\u00edguez Dom\u00ednguez<\/li><li><a href=\"https:\/\/consulta.conacyt.mx\/?attachment_id=2274\">Dr. Jorge Fern\u00e1ndez Ruiz<\/a><\/li><li>Dra. Rosaura Ruiz Guti\u00e9rrez<\/li><li><a href=\"https:\/\/consulta.conacyt.mx\/?attachment_id=2156\">Dr. Ricardo Antonio Tena N\u00fa\u00f1ez<\/a><\/li><li>Dr. Hugo Casanova Cardiel<\/li><li>Dr. Enrique Fern\u00e1ndez Fassnacht<\/li><li>Dr. Ra\u00fal Carranc\u00e1 y Rivas<\/li><li>Dra. Nadia Silvana Santini Gonz\u00e1lez<\/li><li>Dr. Fernando Guadalupe Flores Trejo<\/li><li><a href=\"https:\/\/consulta.conacyt.mx\/?attachment_id=2270\">Dra. Martha Vergara Fregoso<\/a><\/li><li>Dr. Jos\u00e9 Alberto Ross Hern\u00e1ndez<\/li><li><a href=\"https:\/\/consulta.conacyt.mx\/?attachment_id=2272\">Dr. Jorge Enrique Linares Salgado<\/a><\/li><li>Dra. Mar\u00eda Eugenia Mendoza \u00c1lvarez<\/li><li><a href=\"https:\/\/consulta.conacyt.mx\/?attachment_id=2282\">Dr. Crist\u00f3bal Aguilar Gonz\u00e1lez<\/a><\/li><li><a href=\"https:\/\/consulta.conacyt.mx\/wp-content\/uploads\/2021\/05\/Dra._Aide\u0301_Avendan\u0303o.pdf\" target=\"_blank\" rel=\"noreferrer noopener\">Dra. Aide\u00e9 Avenda\u00f1o G\u00f3mez<\/a><\/li><li><a href=\"https:\/\/consulta.conacyt.mx\/?attachment_id=2278\">Dr. Omar Liz\u00e1rraga Morales<\/a><\/li><li>Dr. Alfredo S\u00e1nchez Casta\u00f1eda<\/li><li>Dr. Jos\u00e9 Mustre de Le\u00f3n<\/li><li>Dra. Elia Martha P\u00e9rez Armendariz<\/li><li>Lic. Federico Anaya Gallardo<\/li><li>Dra. Luc\u00eda Mantilla Guti\u00e9rrez<\/li><li>Dra. Rosal\u00eda L\u00f3pez Paniagua<\/li><li><a href=\"https:\/\/consulta.conacyt.mx\/wp-content\/uploads\/2021\/05\/Dr._Omar_Wicab_Gutie\u0301rrez_.pdf\" target=\"_blank\" rel=\"noreferrer noopener\">Dr. Omar Wicab Guti\u00e9rrez<\/a><\/li><li>Dr. Rafael Estrada Michel<\/li><li>Dra. Beatriz Adriana Bustos Torres<\/li><li><a href=\"https:\/\/consulta.conacyt.mx\/wp-content\/uploads\/2021\/05\/Dr._Rau\u0301l_Eduardo_Lo\u0301pez_Betancourt.pdf\" target=\"_blank\" rel=\"noreferrer noopener\">Dr. Ra\u00fal Eduardo L\u00f3pez Betancourt<\/a><\/li><\/ul>\n\n\n\n<p style=\"font-size:17px\"><strong>Relator\u00eda<\/strong><\/p>\n\n\n\n<div class=\"wp-block-file\"><a href=\"https:\/\/consulta.conacyt.mx\/wp-content\/uploads\/2021\/05\/ACFrOgBbuWGLgVdyu6pD4_2PRr8fY-nRxi1J7PW7ckU7KTbi4I7Rs4lo1lrE-DqdZfZOr7C3IBpe5ejHI0GddVxE9qK4P7trlLPym77N3lUOgGH96i9XycbEd-YvPRjAGaHxZGIYp9M8BFidMhoV.pdf\" class=\"wp-block-file__button\" download>Descargar<\/a><\/div>\n\n\n\n<div class=\"wp-block-buttons is-content-justification-center is-layout-flex wp-block-buttons-is-layout-flex\">\n<div class=\"wp-block-button is-style-outline is-style-outline--1\"><a class=\"wp-block-button__link has-white-color has-text-color has-background\" href=\"?page_id=641\" style=\"border-radius:50px;background-color:#022663\"><strong>REGRESAR<\/strong><\/a><\/div>\n\n\n\n<div class=\"wp-block-button is-style-outline is-style-outline--2\"><a class=\"wp-block-button__link has-white-color has-text-color has-background\" href=\"?page_id=999\" style=\"background-color:#022663\"><strong>OPINA<\/strong><\/a><\/div>\n<\/div>\n\n\n\n<p><\/p>\n","protected":false},"excerpt":{"rendered":"<p>11 de mayo de 2021 Participantes: Dra. Guadalupe Valencia Garc\u00eda Dr. Ambrosio Velasco G\u00f3mez Mtro. Jos\u00e9 Andr\u00e9s Rodr\u00edguez Dom\u00ednguez Dr. Jorge Fern\u00e1ndez Ruiz Dra. Rosaura Ruiz Guti\u00e9rrez Dr. Ricardo Antonio Tena N\u00fa\u00f1ez Dr. Hugo Casanova Cardiel Dr. Enrique Fern\u00e1ndez Fassnacht Dr. Ra\u00fal Carranc\u00e1 y Rivas Dra. Nadia Silvana Santini Gonz\u00e1lez Dr. Fernando Guadalupe Flores Trejo [&hellip;]<\/p>\n","protected":false},"author":1,"featured_media":0,"parent":0,"menu_order":0,"comment_status":"closed","ping_status":"closed","template":"","meta":{"footnotes":""},"class_list":["post-1020","page","type-page","status-publish","hentry","entry"],"_links":{"self":[{"href":"https:\/\/consulta.conacyt.mx\/index.php?rest_route=\/wp\/v2\/pages\/1020","targetHints":{"allow":["GET"]}}],"collection":[{"href":"https:\/\/consulta.conacyt.mx\/index.php?rest_route=\/wp\/v2\/pages"}],"about":[{"href":"https:\/\/consulta.conacyt.mx\/index.php?rest_route=\/wp\/v2\/types\/page"}],"author":[{"embeddable":true,"href":"https:\/\/consulta.conacyt.mx\/index.php?rest_route=\/wp\/v2\/users\/1"}],"replies":[{"embeddable":true,"href":"https:\/\/consulta.conacyt.mx\/index.php?rest_route=%2Fwp%2Fv2%2Fcomments&post=1020"}],"version-history":[{"count":26,"href":"https:\/\/consulta.conacyt.mx\/index.php?rest_route=\/wp\/v2\/pages\/1020\/revisions"}],"predecessor-version":[{"id":2320,"href":"https:\/\/consulta.conacyt.mx\/index.php?rest_route=\/wp\/v2\/pages\/1020\/revisions\/2320"}],"wp:attachment":[{"href":"https:\/\/consulta.conacyt.mx\/index.php?rest_route=%2Fwp%2Fv2%2Fmedia&parent=1020"}],"curies":[{"name":"wp","href":"https:\/\/api.w.org\/{rel}","templated":true}]}}